{"id":623,"date":"2026-04-23T14:50:06","date_gmt":"2026-04-23T14:50:06","guid":{"rendered":"https:\/\/autoescolaeduardo.com\/?page_id=623"},"modified":"2026-04-23T15:21:34","modified_gmt":"2026-04-23T15:21:34","slug":"aviso-legal","status":"publish","type":"page","link":"https:\/\/autoescolaeduardo.com\/ca\/aviso-legal\/","title":{"rendered":"Av\u00eds Legal"},"content":{"rendered":"<div data-elementor-type=\"wp-page\" data-elementor-id=\"623\" class=\"elementor elementor-623\" data-elementor-post-type=\"page\">\n\t\t\t\t<div class=\"elementor-element elementor-element-545691c1 e-flex e-con-boxed e-con e-parent\" data-id=\"545691c1\" data-element_type=\"container\" data-e-type=\"container\">\n\t\t\t\t\t<div class=\"e-con-inner\">\n\t\t\t\t<div class=\"elementor-element elementor-element-38d17c1e elementor-widget elementor-widget-text-editor\" data-id=\"38d17c1e\" data-element_type=\"widget\" data-e-type=\"widget\" data-widget_type=\"text-editor.default\">\n\t\t\t\t\t\t\t\t\t<p><em>\u00daltima actualitzaci\u00f3: 23 d'abril de 2026<\/em><\/p>\n\n<h2 class=\"wp-block-heading\">1. Dades identificatives del titular<\/h2>\n\n<p>En compliment de l'article 10 de la Llei 34\/2002, d'11 de juliol, de Serveis de la Societat de la Informaci\u00f3 i de Comer\u00e7 Electr\u00f2nic (LSSI-CE), s'informen les dades identificatives del titular del lloc web <strong>autoescolaeduardo.com<\/strong>:<\/p>\n\n<ul class=\"wp-block-list\">\n<li><strong>Denominaci\u00f3 comercial:<\/strong> Autoescola Eduardo<\/li>\n<li><strong>Titular:<\/strong> Maria Carmen Pallas Calpe<\/li>\n<li><strong>NIF:<\/strong> 38069019V<\/li>\n<li><strong>Domicili fiscal:<\/strong> C\/ Llu\u00eds Companys 46, 08401 Granollers, Barcelona<\/li>\n<li><strong>Tel\u00e8fon:<\/strong> +34 669 868 311<\/li>\n<li><strong>Correu electr\u00f2nic:<\/strong> autoescuelaeduardo@hotmail.com<\/li>\n<\/ul>\n\n<h2 class=\"wp-block-heading\">2. Objecte<\/h2>\n\n<p>El present av\u00eds legal regula l'\u00fas del lloc web <strong>autoescolaeduardo.com<\/strong>, la finalitat del qual \u00e9s oferir informaci\u00f3 sobre els serveis de formaci\u00f3 vi\u00e0ria i obtenci\u00f3 de permisos de conduir prestats per Autoescola Eduardo, aix\u00ed com facilitar mitjans de contacte amb potencials alumnes.<\/p>\n\n<h2 class=\"wp-block-heading\">3. Prove\u00efdor d'allotjament<\/h2>\n\n<p>El lloc web est\u00e0 allotjat als servidors de <strong>Hostinger International Ltd.<\/strong>, amb centre de dades a Fran\u00e7a (Uni\u00f3 Europea). Pots consultar m\u00e9s informaci\u00f3 del prove\u00efdor a <a href=\"https:\/\/www.hostinger.com\/\" target=\"_blank\" rel=\"noopener nofollow\">www.hostinger.com<\/a>.<\/p>\n\n<h2 class=\"wp-block-heading\">4. Condicions d'\u00fas<\/h2>\n\n<p>L'acc\u00e9s i \u00fas del lloc web atribueix la condici\u00f3 d'usuari i implica l'acceptaci\u00f3, des d'aquest acc\u00e9s, del present av\u00eds legal. L'usuari es compromet a fer un \u00fas adequat dels continguts i serveis i a no emprar-los per a:<\/p>\n\n<ul class=\"wp-block-list\">\n<li>Inc\u00f3rrer en activitats il\u00b7l\u00edcites, il\u00b7legals o contr\u00e0ries a la bona fe i a l'ordre p\u00fablic.<\/li>\n<li>Provocar danys als sistemes f\u00edsics o l\u00f2gics d'Autoescola Eduardo, dels seus prove\u00efdors o de tercers.<\/li>\n<li>Introduir o difondre virus inform\u00e0tics o qualsevol altre sistema que causi alteracions a les xarxes.<\/li>\n<li>Utilitzar el lloc per a l'enviament de comunicacions comercials no sol\u00b7licitades.<\/li>\n<\/ul>\n\n<h2 class=\"wp-block-heading\">5. Propietat intel\u00b7lectual i industrial<\/h2>\n\n<p>Tots els continguts del lloc web (textos, fotografies, gr\u00e0fics, imatges, icones, tecnologia, programari, enlla\u00e7os i qualsevol altre contingut audiovisual o sonor), aix\u00ed com el seu disseny gr\u00e0fic i codis font, s\u00f3n propietat intel\u00b7lectual d'Autoescola Eduardo o de tercers que n'han autoritzat l'\u00fas, sense que puguin entendre's cedits a l'usuari cap dels drets d'explotaci\u00f3 sobre els mateixos.<\/p>\n\n<p>Les marques, noms comercials o signes distintius s\u00f3n titularitat d'Autoescola Eduardo o de tercers, sense que pugui entendre's que l'acc\u00e9s al lloc atribueix cap dret sobre les esmentades marques.<\/p>\n\n<h2 class=\"wp-block-heading\">6. Enlla\u00e7os a llocs de tercers<\/h2>\n\n<p>El lloc pot incloure enlla\u00e7os a p\u00e0gines web de tercers (xarxes socials, mapes, prove\u00efdors de pagament, etc.). Autoescola Eduardo no assumeix cap responsabilitat pel contingut, la informaci\u00f3 o els serveis que puguin apar\u00e8ixer en aquests llocs, que tindran exclusivament car\u00e0cter informatiu i que en cap cas impliquen cap relaci\u00f3 entre Autoescola Eduardo i els titulars d'aquests continguts.<\/p>\n\n<h2 class=\"wp-block-heading\">7. Exclusi\u00f3 de garanties i responsabilitat<\/h2>\n\n<p>Autoescola Eduardo no es fa responsable, en cap cas, dels danys i perjudicis de qualsevol naturalesa que poguessin ocasionar, a t\u00edtol enunciatiu: errors o omissions en els continguts, manca de disponibilitat del lloc web o la transmissi\u00f3 de virus o programes maliciosos, tot i haver adoptat totes les mesures tecnol\u00f2giques raonables per evitar-ho.<\/p>\n\n<h2 class=\"wp-block-heading\">8. Modificacions<\/h2>\n\n<p>Autoescola Eduardo es reserva el dret d'efectuar, sense av\u00eds previ, les modificacions que consideri oportunes al seu lloc web, podent canviar, suprimir o afegir tant els continguts i serveis que es prestin com la forma en qu\u00e8 aquests apareguin presentats.<\/p>\n\n<h2 class=\"wp-block-heading\">9. Legislaci\u00f3 aplicable i jurisdicci\u00f3<\/h2>\n\n<p>La relaci\u00f3 entre Autoescola Eduardo i l'usuari es regir\u00e0 per la normativa espanyola vigent. Per a la resoluci\u00f3 de qualsevol controv\u00e8rsia que pogu\u00e9s derivar-se de l'acc\u00e9s o \u00fas del lloc web, les parts se sotmeten als Jutjats i Tribunals de Granollers (Barcelona), llevat que per imperatiu legal resulti d'aplicaci\u00f3 un altre fur distint.<\/p>\n\n<p>Per a qualsevol consulta relacionada amb aquest av\u00eds legal pots escriure'ns a <a href=\"mailto:autoescuelaeduardo@hotmail.com\">autoescuelaeduardo@hotmail.com<\/a>.<\/p>\t\t\t\t\t\t\t\t<\/div>\n\t\t\t\t\t<\/div>\n\t\t\t\t<\/div>\n\t\t\t\t<\/div>","protected":false},"excerpt":{"rendered":"<p>\u00daltima actualizaci\u00f3n: 23 de abril de 2026 1. Datos identificativos del titular En cumplimiento del art\u00edculo 10 de la Ley 34\/2002, de 11 de julio, de Servicios de la Sociedad de la Informaci\u00f3n y de Comercio Electr\u00f3nico (LSSI-CE), se informan los datos identificativos del titular del sitio web autoescolaeduardo.com: Denominaci\u00f3n comercial: Autoescola Eduardo Titular: Maria [&hellip;]<\/p>\n","protected":false},"author":1,"featured_media":0,"parent":0,"menu_order":0,"comment_status":"closed","ping_status":"closed","template":"","meta":{"footnotes":""},"class_list":["post-623","page","type-page","status-publish","hentry"],"_links":{"self":[{"href":"https:\/\/autoescolaeduardo.com\/ca\/wp-json\/wp\/v2\/pages\/623","targetHints":{"allow":["GET"]}}],"collection":[{"href":"https:\/\/autoescolaeduardo.com\/ca\/wp-json\/wp\/v2\/pages"}],"about":[{"href":"https:\/\/autoescolaeduardo.com\/ca\/wp-json\/wp\/v2\/types\/page"}],"author":[{"embeddable":true,"href":"https:\/\/autoescolaeduardo.com\/ca\/wp-json\/wp\/v2\/users\/1"}],"replies":[{"embeddable":true,"href":"https:\/\/autoescolaeduardo.com\/ca\/wp-json\/wp\/v2\/comments?post=623"}],"version-history":[{"count":4,"href":"https:\/\/autoescolaeduardo.com\/ca\/wp-json\/wp\/v2\/pages\/623\/revisions"}],"predecessor-version":[{"id":631,"href":"https:\/\/autoescolaeduardo.com\/ca\/wp-json\/wp\/v2\/pages\/623\/revisions\/631"}],"wp:attachment":[{"href":"https:\/\/autoescolaeduardo.com\/ca\/wp-json\/wp\/v2\/media?parent=623"}],"curies":[{"name":"wp","href":"https:\/\/api.w.org\/{rel}","templated":true}]}}

Avís Legal

<div data-elementor-type="wp-page" data-elementor-id="623" class="elementor elementor-623" data-elementor-post-type="page">
				<div class="elementor-element elementor-element-545691c1 e-flex e-con-boxed e-con e-parent" data-id="545691c1" data-element_type="container" data-e-type="container">
					<div class="e-con-inner">
				<div class="elementor-element elementor-element-38d17c1e elementor-widget elementor-widget-text-editor" data-id="38d17c1e" data-element_type="widget" data-e-type="widget" data-widget_type="text-editor.default">
									<p><em>Última actualització: 23 d'abril de 2026</em></p>

<h2 class="wp-block-heading">1. Dades identificatives del titular</h2>

<p>En compliment de l'article 10 de la Llei 34/2002, d'11 de juliol, de Serveis de la Societat de la Informació i de Comerç Electrònic (LSSI-CE), s'informen les dades identificatives del titular del lloc web <strong>autoescolaeduardo.com</strong>:</p>

<ul class="wp-block-list">
<li><strong>Denominació comercial:</strong> Autoescola Eduardo</li>
<li><strong>Titular:</strong> Maria Carmen Pallas Calpe</li>
<li><strong>NIF:</strong> 38069019V</li>
<li><strong>Domicili fiscal:</strong> C/ Lluís Companys 46, 08401 Granollers, Barcelona</li>
<li><strong>Telèfon:</strong> +34 669 868 311</li>
<li><strong>Correu electrònic:</strong> autoescuelaeduardo@hotmail.com</li>
</ul>

<h2 class="wp-block-heading">2. Objecte</h2>

<p>El present avís legal regula l'ús del lloc web <strong>autoescolaeduardo.com</strong>, la finalitat del qual és oferir informació sobre els serveis de formació viària i obtenció de permisos de conduir prestats per Autoescola Eduardo, així com facilitar mitjans de contacte amb potencials alumnes.</p>

<h2 class="wp-block-heading">3. Proveïdor d'allotjament</h2>

<p>El lloc web està allotjat als servidors de <strong>Hostinger International Ltd.</strong>, amb centre de dades a França (Unió Europea). Pots consultar més informació del proveïdor a <a href="https://www.hostinger.com/" target="_blank" rel="noopener nofollow">www.hostinger.com</a>.</p>

<h2 class="wp-block-heading">4. Condicions d'ús</h2>

<p>L'accés i ús del lloc web atribueix la condició d'usuari i implica l'acceptació, des d'aquest accés, del present avís legal. L'usuari es compromet a fer un ús adequat dels continguts i serveis i a no emprar-los per a:</p>

<ul class="wp-block-list">
<li>Incórrer en activitats il·lícites, il·legals o contràries a la bona fe i a l'ordre públic.</li>
<li>Provocar danys als sistemes físics o lògics d'Autoescola Eduardo, dels seus proveïdors o de tercers.</li>
<li>Introduir o difondre virus informàtics o qualsevol altre sistema que causi alteracions a les xarxes.</li>
<li>Utilitzar el lloc per a l'enviament de comunicacions comercials no sol·licitades.</li>
</ul>

<h2 class="wp-block-heading">5. Propietat intel·lectual i industrial</h2>

<p>Tots els continguts del lloc web (textos, fotografies, gràfics, imatges, icones, tecnologia, programari, enllaços i qualsevol altre contingut audiovisual o sonor), així com el seu disseny gràfic i codis font, són propietat intel·lectual d'Autoescola Eduardo o de tercers que n'han autoritzat l'ús, sense que puguin entendre's cedits a l'usuari cap dels drets d'explotació sobre els mateixos.</p>

<p>Les marques, noms comercials o signes distintius són titularitat d'Autoescola Eduardo o de tercers, sense que pugui entendre's que l'accés al lloc atribueix cap dret sobre les esmentades marques.</p>

<h2 class="wp-block-heading">6. Enllaços a llocs de tercers</h2>

<p>El lloc pot incloure enllaços a pàgines web de tercers (xarxes socials, mapes, proveïdors de pagament, etc.). Autoescola Eduardo no assumeix cap responsabilitat pel contingut, la informació o els serveis que puguin aparèixer en aquests llocs, que tindran exclusivament caràcter informatiu i que en cap cas impliquen cap relació entre Autoescola Eduardo i els titulars d'aquests continguts.</p>

<h2 class="wp-block-heading">7. Exclusió de garanties i responsabilitat</h2>

<p>Autoescola Eduardo no es fa responsable, en cap cas, dels danys i perjudicis de qualsevol naturalesa que poguessin ocasionar, a títol enunciatiu: errors o omissions en els continguts, manca de disponibilitat del lloc web o la transmissió de virus o programes maliciosos, tot i haver adoptat totes les mesures tecnològiques raonables per evitar-ho.</p>

<h2 class="wp-block-heading">8. Modificacions</h2>

<p>Autoescola Eduardo es reserva el dret d'efectuar, sense avís previ, les modificacions que consideri oportunes al seu lloc web, podent canviar, suprimir o afegir tant els continguts i serveis que es prestin com la forma en què aquests apareguin presentats.</p>

<h2 class="wp-block-heading">9. Legislació aplicable i jurisdicció</h2>

<p>La relació entre Autoescola Eduardo i l'usuari es regirà per la normativa espanyola vigent. Per a la resolució de qualsevol controvèrsia que pogués derivar-se de l'accés o ús del lloc web, les parts se sotmeten als Jutjats i Tribunals de Granollers (Barcelona), llevat que per imperatiu legal resulti d'aplicació un altre fur distint.</p>

<p>Per a qualsevol consulta relacionada amb aquest avís legal pots escriure'ns a <a href="mailto:autoescuelaeduardo@hotmail.com">autoescuelaeduardo@hotmail.com</a>.</p>								</div>
					</div>
				</div>
				</div>

<p>Última actualización: 23 de abril de 2026 1. Datos identificativos del titular En cumplimiento del artículo 10 de la Ley 34/2002, de 11 de julio, de Servicios de la Sociedad de la Información y de Comercio Electrónico (LSSI-CE), se informan los datos identificativos del titular del sitio web autoescolaeduardo.com: Denominación comercial: Autoescola Eduardo Titular: Maria [&hellip;]</p>
